 + 4*i - 1. Let z be x(h). Calculate the highest common factor of z and 77.
11
Suppose 3*v - 5*a - 56 = 0, -2*v + 17 = 2*a + 1. Suppose 0 = 4*f - 2*o - 430, 0 = 3*f - 12*o + 14*o - 326. Calculate the greatest common divisor of f and v.
12
Suppose -3*j + 54 = -156. What is the highest common divisor of 14 and j?
14
Let z = 26 + -9. Let x be (-51)/4*(-32)/6. Calculate the greatest common factor of z and x.
17
Let i(b) = b**2 - 9*b + 26. Let u be i(10). Calculate the highest common factor of u and 8.
4
Let a = 34 - 16. What is the highest common divisor of a and 3?
3
Suppose 4*v = 4*b + 8, -v + 6 = 5*b - 8. Suppose 0 = 3*k + 4*j - 64, 0 = -k + v*k - j - 44. Suppose 3*q - 9 = -3. What is the greatest common factor of q and k?
2
Suppose -4*l = -6*l + 24. What is the greatest common factor of 8 and l?
4
Let b = 60 - 51. Calculate the greatest common factor of 117 and b.
9
Suppose 110 = 22*w - 21*w. What is the greatest common divisor of w and 22?
22
Suppose -8*c = 437 - 2101. Calculate the greatest common factor of 16 and c.
16
Let v(w) = w - 1. Let x(s) = -10. Let z(i) = 3*v(i) - x(i). Let l be z(3). Calculate the greatest common factor of 128 and l.
16
Suppose 0 = -4*f + x + 70, 3*x = 4*f - 90 + 16. Suppose z - 16 = -z. Suppose -2*y = -z - 264. Calculate the highest common factor of y and f.
17
Let m = 0 + 0. Suppose 6*u - u - 40 = m. Let z = -137 + 193. What is the greatest common factor of z and u?
8
Let i(w) = -w**3 + w**2 - w - 4. Let c be i(-2). Calculate the greatest common divisor of 10 and c.
10
Let q be ((-5)/(-2))/((-2)/(-20)). Suppose 0*p - 5*p + q = 0. Suppose p*g + 13 = 38. What is the highest common divisor of g and 2?
1
Suppose -4*j - 42 = -6*j. Calculate the highest common divisor of 28 and j.
7
Suppose 5*l + 3*x - 243 - 163 = 0, 2*x = 2*l - 156. Suppose -3 = g - 2*g, -4*b - 5*g = -227. Let d = b - 37. What is the highest common divisor of l and d?
16
Let k(y) = -y**2 + 18*y - 2. Let i be k(17). Calculate the highest common divisor of 6 and i.
3
Suppose -44 = -4*a + 8. Let f be 24/28*(-28)/(-6). Suppose -f*g - 156 = -3*p - 0*g, -p + 52 = -4*g. Calculate the greatest common factor of p and a.
13
Suppose -6*b = -56 + 26. Calculate the highest common factor of 25 and b.
5
Suppose 166 = 3*i - 146. Suppose -4*g + i = -100. What is the greatest common divisor of 17 and g?
17
Let w = -2 + 4. Let c = 6 - w. Suppose 48 = c*a - 28. Calculate the greatest common divisor of 209 and a.
19
Suppose 5*v - 25 = 0, 0 = 3*m - 6*m - v + 20. What is the greatest common divisor of 55 and m?
5
Let v(y) = -y**3 - 8*y**2 + 2*y - 13. Let a be v(-9). Calculate the highest common factor of 20 and a.
10
Suppose 0*k + 5*z = 2*k - 26, 3*k - 34 = 5*z. Let x be ((-16)/10)/(3/(-15)). What is the greatest common divisor of k and x?
8
Let m = 111 + -156. Let j = -15 - m. Suppose -q - 4*z = -j, 4*q + 2*z - 45 = z. What is the greatest common divisor of 90 and q?
10
Let f be -8*(-156)/8*2/6. What is the greatest common divisor of f and 4?
4
Suppose 0 = -3*t - 0*t + 5*f - 14, 3*t - 4*f = -10. Let n = -6 + 5. Let q be (-2)/(20/24 + n). Calculate the highest common factor of t and q.
2
Suppose 2*a = 4*o - 242, -o = -3*a - 56 - 7. Calculate the greatest common divisor of o and 15.
15
Suppose 2*x = -2*n + 30, 0 = 4*x + 5*n + 24 - 87. What is the greatest common factor of x and 48?
12
Suppose 0 = 5*v + m - 40 - 5, 0 = v - 2*m - 9. Calculate the greatest common factor of v and 99.
9
Let a be 2/(-1) + -2 + 52. Suppose -6*q + 48 + a = 0. Calculate the greatest common divisor of q and 176.
16
Suppose -2*x + v = -5*x + 64, x + 5*v = 40. Let z be 3/(6/4) + 11. Let f be (z/5 + -1)*50. What is the highest common divisor of x and f?
20
Suppose -12*r = -11*r - 135. What is the greatest common divisor of 90 and r?
45
Let k be -1 + (186 + 0)/2. Let c be ((-15)/(-45))/((-2)/(-138)). Calculate the greatest common divisor of c and k.
23
Let p(r) = 3*r**2 + r**2 + 6 - 2*r**2 - 3*r**2 + 8*r. Let z be p(8). What is the highest common divisor of 42 and z?
6
Let p(w) = 3*w**2 - w + 3. Let j be p(-3). Let q be (-1 + -1)*(-22)/4. What is the highest common divisor of j and q?
11
Let n = -55 + 79. Calculate the highest common factor of n and 3.
3
Suppose -15*k + 10*k + 525 = 0. Calculate the greatest common factor of k and 15.
15
Suppose 0*h = -4*l - h + 427, 0 = -4*h - 20. Let t = 22 + -10. What is the highest common divisor of l and t?
12
Let j = -12 - -20. Let x = -5 + j. Calculate the highest common divisor of 3 and x.
3
Let r be (24/14)/(948/(-476) + 2). What is the greatest common factor of r and 12?
12
Suppose -7*b + 3*b + 8 = 4*k, 0 = -2*k - 2. What is the highest common divisor of b and 5?
1
Let c be (-3)/2*1960/(-42). Calculate the greatest common divisor of 10 and c.
10
Let f = -70 + 180. Calculate the greatest common divisor of 22 and f.
22
Suppose -2*c + 72 = 2*f, -6*f = -2*f + 3*c - 143. Suppose 2*i - 77 - f = 0. Calculate the greatest common factor of i and 7.
7
Let w(k) = k**2 + 3*k + 2. Suppose -11 = 2*q - 3*o, -5*q - 5*o - 56 = -3*o. Let j be w(q). What is the highest common factor of j and 8?
8
Suppose 6*w - 10 = w. Suppose -36*c + 66 = -33*c. Calculate the highest common divisor of c and w.
2
Let t = -26 - -30. Let k(f) = 3*f - 6. Let z be k(6). Calculate the greatest common divisor of t and z.
4
Suppose -3*p = n - 1, 5*p = 4*n + p - 20. Let m be 1142/3 - (-2)/6. Suppose -303 = -n*i + m. What is the greatest common divisor of i and 19?
19
Let d(x) = -x**2 + 9*x + 5. Let w be (45/(-4))/5*-4. Let n be d(w). What is the highest common divisor of 55 and n?
5
Let o = 24 - 9. Calculate the highest common factor of o and 45.
15
Suppose 5*s = 3 + 12. Let j = 3 + 4. Let b be (6/4)/(j/14). Calculate the highest common factor of b and s.
3
Suppose 4*l + 3*l = 119. What is the greatest common divisor of l and 119?
17
Suppose 25 = 5*h, -r + 12 + 58 = -5*h. Suppose 0 = -4*b + r + 345. Let a = -50 + 94. Calculate the greatest common divisor of a and b.
22
Let u = 31 + -17. Calculate the highest common divisor of 21 and u.
7
Let v = 33 + -21. What is the greatest common factor of 84 and v?
12
Let x = -242 + 422. What is the highest common factor of x and 20?
20
Let b be (-96)/28*(-28)/2. Calculate the highest common divisor of 32 and b.
16
Let v be 210/49 + (-4)/14. Suppose 0 = 5*i + v*m - 0*m + 208, -2*m = i + 38. Let b = i - -129. What is the greatest common divisor of 17 and b?
17
Suppose -23 = -9*f + 58. What is the highest common divisor of 117 and f?
9
Let q be 2/(-3) + (-268)/(-6). What is the highest common divisor of 4 and q?
4
Let a(l) = -16*l + 1. Let p be a(1). Let b be 6/p + (-22)/(-5). Suppose 0*z = -3*z + n + 42, -b*z = -n - 57. Calculate the greatest common divisor of z and 6.
3
Let u(v) = v**2 + 3*v - 5. Let s be u(-5). Suppose s*m = 2*y + 24, 4*m - 2*y - 17 = 1. Calculate the greatest common factor of 4 and m.
2
Let z be 2*(-7)/(-2) - 1. Let k be (-12)/(-42) - 30/7. Let r = k + z. Calculate the greatest common factor of 6 and r.
2
Let o(z) = z**2 + 5*z - 3. Let t be o(6). Let u = 37 - 28. Calculate the greatest common factor of t and u.
9
Let v(w) = w**3 + 6*w**2 + 6*w + 6. Let l be v(-5). Let y be 6 + -5 - l*-19. What is the highest common divisor of y and 8?
4
Suppose 5*f = a + 41, 3*a - 3 = f - 0*a. Calculate the highest common divisor of f and 99.
9
Let c(n) = -17*n - 3. Let h be c(-6). Let d = 13 + -4. What is the greatest common factor of h and d?
9
Suppose 4 = -3*m + 5*m. Suppose -29 = -m*q - 5. Suppose -i + 5*c = -q, 4*i - c = 5 + 5. What is the greatest common divisor of 14 and i?
2
Let j = 9 - -1. Calculate the highest common factor of j and 90.
10
Let a be 0/1 - (-1 + -280). Let j = 2 - -2. Let q be a/j - 2/8. Calculate the highest common factor of 14 and q.
14
Let y be 1/(-4) - 162/(-8). Suppose 4*b = -8, -2*p + 3*b + 245 = -371. Suppose p = 2*g - 55. What is the highest common factor of y and g?
20
Suppose 40 = 2*y - 8. Let w = -8 - -16. Calculate the greatest common factor of y and w.
8
Let s be 55 + (-3)/((-6)/(-4)). Let g = -2 - -6. Suppose -g*o = -s + 17. What is the highest common divisor of o and 3?
3
Let w be 1 - ((-2)/(-2) + -3). Let b be w*5*(-14)/21. Let a be (-5)/(b/3)*2. Calculate the highest common divisor of a and 9.
3
Suppose -44 - 8 = -c. Let